39*x + 33*x - 1098 = 0. Let u = -105 - x. What is the remainder when u is divided by 20?
18
Suppose -j + 5*o + 34 = 0, -5*o + 110 = j + 4*j. What is the remainder when j is divided by (-4)/74 + 5481/777?
3
Suppose -2*c + 14 = -26. Suppose 0 = -3*d + 94 + c. What is the remainder when d is divided by 14?
10
Let i = 33 - 12. Let s be ((-20)/7)/(6/(-21)). Suppose 0*k = -s*k + 820. What is the remainder when k is divided by i?
19
Suppose -8*x = -47 - 313. What is the remainder when x is divided by 27/(-12)*16/(-3)?
9
Let u be 245/10 + 2 + 1/(-2). Suppose 13*t = u + 104. Calculate the remainder when t is divided by 7.
3
Let l = 60 + -20. Let k(u) = u**2 + u. Let s be k(-2). Suppose 78 = g + m, 3*g - 273 = -s*m - l. Calculate the remainder when g is divided by 26.
25
Suppose 0 = 6*h - 119 - 37. Calculate the remainder when h is divided by 10.
6
Let y(u) = 7*u - 28. Calculate the remainder when y(11) is divided by 22.
5
Suppose 5*w + 3*w = 24. Suppose i - 4 = -0*i, w*o + 2*i - 65 = 0. Calculate the remainder when 36 is divided by o.
17
Suppose -5*b - n = -6*n - 75, -73 = -3*b - 4*n. Calculate the remainder when b is divided by ((-48)/12)/((-9)/6 - -1).
3
Let j(v) = v**2 - 20*v + 23. Calculate the remainder when 478 is divided by j(20).
18
Let w be (-3 + 1)*3/(-2). Suppose a - 2*a = -w. Suppose 3*o = -4*b + 72 + 53, 3*b - a*o - 78 = 0. What is the remainder when b is divided by 15?
14
Let g = -11 + 8. Let i = 10 + g. Suppose 4*o - 11 = 93. What is the remainder when o is divided by i?
5
Let j(a) = 29*a - 2. What is the remainder when j(2) is divided by 4 + 19 - (-9 - -17)?
11
What is the remainder when 195 is divided by (-9375)/(-100) + 2/8?
7
Suppose 2*a = -8, -12*m = -7*m + 4*a - 149. What is the remainder when 42 is divided by m?
9
Let g = -183 + 93. What is the remainder when 40 is divided by (-5 - (-34)/6)*g/(-4)?
10
Let i be (3/(-3) - -4) + -78. Let j = i + 245. Suppose -4*r = -2*m + j, 3*m + r - 287 = -r. What is the remainder when m is divided by 32?
29
Let j = -33 - -50. What is the remainder when 26/26 + 45 + 0 is divided by j?
12
Let m(h) = -11*h**2 + 5*h - 3. Let w be m(2). Let p = w + 53. Calculate the remainder when 61 is divided by p.
13
Let l(f) = 4*f - 6. Let m be l(2). Suppose 4*k = m*r - 96, 4*k + 2 = 5*k. What is the remainder when r is divided by 18?
16
Let y(d) = 12*d**2 - 4*d + 22. What is the remainder when y(3) is divided by 11?
8
Let h(r) = r**3 - 19*r**2 - 20*r - 6. Let o be h(20). What is the remainder when 74 is divided by (-1 - o)/(22/110)?
24
Suppose 3*v - 6 = 5*v. Calculate the remainder when 53 is divided by 12 - (15/v - -3).
11
Let u(q) = q**3 + 12*q**2 + 15*q + 23. Let i be u(-10). Suppose -2*m = -3*n + i, -4*n - 2*m = -74 - 14. What is the remainder when 44 is divided by n?
21
Let i be -3 + 5 + 2 - 2. Suppose 0 = n - 3*n, -h + 20 = i*n. Suppose 0*g + 4*g = 36. What is the remainder when h is divided by g?
2
Suppose -269*t + 266*t + 162 = 0. Calculate the remainder when 116 is divided by t.
8
Let l(f) = f**2 + 47*f - 991. Calculate the remainder when 80 is divided by l(-63).
12
Let d(l) = 4*l**2 + 24*l + 6. Let u be d(-11). Suppose -4*h = -5*g - 241, 3*h - 2*g = -h + u. Calculate the remainder when h is divided by 1 - -1*14/2.
6
Suppose 3*j - j - 26 = 0. Let y = 31 - j. What is the remainder when (-30)/9*21/(-2) is divided by y?
17
Calculate the remainder when (6/(-1))/((-36)/1248) is divided by 59.
31
Let n = -341 - -440. What is the remainder when n is divided by 21?
15
Let q(p) = -24*p + 5. Let n(z) be the first derivative of -z**2/2 - 2. Let s(f) = -3*n(f) + q(f). Calculate the remainder when s(-5) is divided by 28.
26
Let v(o) = 4*o**2 - 62*o - 17. Calculate the remainder when v(16) is divided by 1.
0
Suppose 172 = 4*f - t - 69, 3*t = -3. Let m = f + -33. Suppose x = 4*g - 2*g + m, 0 = -3*x - 3*g + 36. What is the remainder when x is divided by 7?
3
Suppose -99 = 4*n - 251. Let d = 7 + -13. Calculate the remainder when n is divided by 120/9*d/(-4).
18
Let s = -34 - -51. Let z = s - 7. What is the remainder when z is divided by 6?
4
Suppose -8*x = -284 + 76. What is the remainder when 84 is divided by x?
6
Suppose 9*z - 426 = -102. Let t = z - 33. What is the remainder when 4 is divided by t?
1
Suppose 131 = 19*v - 363. What is the remainder when 204 is divided by v?
22
Suppose 9*v + 134 = 710. Calculate the remainder when v is divided by 48.
16
Let a be -3 + 6 + (2 - 3). Suppose -a*b + 3 = 1. What is the remainder when 34 is divided by (2/b)/(6/27)?
7
Let p be (-418)/(-5) - 5/(75/(-6)). Suppose 4*g = p + 48. What is the remainder when g is divided by 18?
15
Suppose -k - 869 = -5*y, 3*y - k - 665 = -142. Calculate the remainder when y is divided by 49.
26
Let q = 273 - 194. Suppose -33 = -3*t - 3*r, 2*t + r + 7 = 32. What is the remainder when q is divided by t?
9
Suppose 375 + 190 = -5*v. Let l = v - -144. What is the remainder when 121 is divided by l?
28
Let k = -670 + 699. What is the remainder when 142 is divided by k?
26
Suppose z - 5*z = -56. Suppose -7 = 5*y + 3*w + 8, 0 = -y - w - 1. What is the remainder when (-596)/(-11) - y/(-33) is divided by z?
12
Let z(m) be the third derivative of -m**4/12 + 23*m**3/6 + m**2. Let r(q) = -3*q + 6. Let g be r(2). What is the remainder when 90 is divided by z(g)?
21
Suppose 12*f - 6863 = -2039. Calculate the remainder when f is divided by 31.
30
Suppose 5*b = b + 8. Suppose 8*x - 240 = b*x. What is the remainder when 79 is divided by x?
39
Suppose 5*l = -5*m + 80, 37 = 4*l - 2*l + 3*m. Let p = 85 + -64. Suppose -u + p - 2 = 0. Calculate the remainder when u is divided by l.
8
Let p be (-1 + (-18)/(-8))*4. Suppose 4*o - 135 = -o. Suppose -2*w - 50 + 8 = -5*s, -4*s - p*w + o = 0. What is the remainder when 23 is divided by s?
7
Suppose -616 = -58*h + 80. Calculate the remainder when 705 is divided by h.
9
Suppose 8*n - n + 56 = 0. What is the remainder when (10/n)/((-6)/120) is divided by 10?
5
Let k(p) = 12*p**2 - 21*p - 7. What is the remainder when k(-4) is divided by 47?
34
Suppose 6*p - p - 4*k + 6 = 0, 3*k = 5*p + 2. Suppose -3*v = -p*v - 48. Suppose v = 7*c - 4*c. Calculate the remainder when 63 is divided by c.
15
Let a = -734 + 947. What is the remainder when a is divided by 44?
37
Let t(d) = -3*d. Let k(o) = o - 2. Let r be 0*1*(5 - 4). Let s be k(r). What is the remainder when t(s) is divided by 4?
2
Let f(i) = -i**3 - 20*i**2 - 37*i - 3. Suppose 4*l - 48 = -5*w, 3*w + 32 = 4*l + 4*w. What is the remainder when ((-133)/l)/(2/(-6)) is divided by f(-18)?
12
Suppose 780 = -0*z + 5*z. Let x(f) = f**3 - 2*f**2 + 2*f. Let p be x(2). Suppose -p*y + z + 76 = 0. What is the remainder when y is divided by 15?
13
Let l = 41 + -13. Let d = -352 - -435. Calculate the remainder when d is divided by l.
27
Let l = -173 - -219. What is the remainder when 133 is divided by l?
41
Let i = -13 + 15. Suppose 16 = 4*d - 28. Calculate the remainder when 43 is divided by (0 + d/2)*i.
10
Let d = 421 - 227. What is the remainder when d is divided by 67?
60
Let s(w) = -3*w - 8. Let r(d) = 3 + 2 - 8*d - 2*d**2 - 3 + 0. Let p be r(-5). What is the remainder when s(p) is divided by 9?
7
Suppose -4*r + 313 = -179. Calculate the remainder when r is divided by (2 + -8 + 3)*(-13 + 7).
15
Let r = -81 + 21. Let p = 115 + r. Calculate the remainder when p is divided by 20.
15
Let s = 192 - 171. What is the remainder when 227 is divided by s?
17
Suppose 0 = -5*l + 2*f + 172 + 73, -4*f - 20 = 0. What is the remainder when 185 is divided by l?
44
Suppose -3*g + 36 = -63. Suppose 39 = 3*b - 0. What is the remainder when g is divided by b?
7
Suppose 170 = 5*i + 90. Let d(u) = -u + 38 + 0*u - 8. What is the remainder when d(0) is divided by i?
14
Suppose d + 1 = 0, 2*d + 31 = 3*r - 4. What is the remainder when 18 is divided by r?
7
Suppose -5*n - 50 = -5*x, 0 = -17*n + 22*n - 15. What is the remainder when 50 is divided by x?
11
Let y be (-2)/7 + 32/14. Let p(m) = -y - m**3 - 3 - 8*m + 3 - 6 + 11*m**2. Calculate the remainder when 35 is divided by p(10).
11
Let x(f) = f**3 - 28*f**2 - 41*f - 28. Let h be x(30). Suppose 5*y + r - 1600 = -h, 0 = y - 5*r - 196. Calculate the remainder when y is divided by 43.
39
Suppose -91 = 11*n - 487. What is the remainder when 142 is divided by n?
34
Suppose 4*